 digit of d?
8
Let z(u) = 70*u**2 + 16*u + 51. Suppose -13*k + 1 = -2*b - 18*k, -14 = 3*b - 5*k. What is the units digit of z(b)?
3
Suppose -183491 + 211063 + 313549 = 11*r. What is the thousands digit of r?
1
Let c be 2/(-8) + (-6)/(-8)*19. Let a(h) = -29*h - c - 2*h**2 + 6*h**2 + 21*h. What is the tens digit of a(7)?
2
Suppose -q - 1614 = -4*k - 478, 1420 = 5*k - q. What is the units digit of k?
4
What is the tens digit of 51353 + ((-2)/(-3))/(348/(-2610))?
4
Let l be (-4)/(-18) - (-183)/27. Let g(n) = 18 - l*n - 3 + 4*n + 11. What is the tens digit of g(-11)?
5
Suppose 1406*s - 105772 = -3*a + 1401*s, s - 141052 = -4*a. What is the thousands digit of a?
5
Let x(w) = -33160*w - 698. What is the units digit of x(-1)?
2
Let t be 5/((-20)/14)*(3 - 1). What is the hundreds digit of ((-334)/8)/(t - 1004/(-144))?
5
Suppose -3*g - 60 = 30. Let t be (-270)/g*(-1 + 29 + -1). Let f = 426 - t. What is the hundreds digit of f?
1
Suppose -d + 2*q = -674 - 857, q = d - 1533. Let g = d + -911. What is the hundreds digit of g?
6
Suppose -60*y - 24*y - 87*y = -621927. What is the units digit of y?
7
Let j(q) = 380*q**2 + 80*q + 253. What is the units digit of j(-3)?
3
Let h(o) = -6390*o**2 - 12 - 9*o + 6399*o**2 - 15 - 5. What is the tens digit of h(-8)?
1
Let k = 85841 + -59437. What is the ten thousands digit of k?
2
Suppose -8*d + 6 = -6*d. Suppose -3*m + 885 = -3*p - 4*m, -d*p = 3*m + 885. What is the tens digit of (-32)/(-48) - -2*p/(-6)?
9
Suppose 2*m + 7 = o, -8*o - 2*m + 23 = -3*o. Suppose 0 = -o*s + 148 + 867. Suppose 20*y - 13*y = s. What is the tens digit of y?
2
Suppose -3*u = 4*r - 15, 0*u + 25 = 5*u - r. Suppose u*v = 14*v - 1521. What is the units digit of v?
9
What is the tens digit of (96/(-112) + 51/84)*-4 + 3956?
5
Let m = -93219 + 133888. What is the ten thousands digit of m?
4
Let q(f) = -5*f + 13*f + 13*f**2 + 15 - 11*f**2. Let m be q(-6). Let l = m - 9. What is the units digit of l?
0
Suppose 19*y - 12 = 16*y. Suppose y*u - 230 = 2*k, 26 = u + k - 33. What is the units digit of u?
8
Let s be 4 + (1 - (4 - 1)). Let w be (s + 10)*1/3. What is the units digit of ((-71)/w)/((-1)/4)?
1
Let h be (52/78)/(4/(-534)). Let k(a) = -a**3 - 2*a**2 + 3*a + 1. Let d be k(-3). What is the units digit of (3 + -8)*(d - h/(-5))?
4
Suppose 2*d = 2*q + 2854, 3*d - 4291 = 4*q + q. Let s be (d/15 + -3)*5. Suppose 3*j = -2*j + 4*p + 765, 3*j - s = 3*p. What is the units digit of j?
3
Suppose 4*l = -p - 5, -25 = 5*p + 5*l - l. Let i(d) = -100*d - 254. What is the units digit of i(p)?
6
Suppose -69 = -4*f - 81. Let k be ((-1)/(-2))/(f*3/864). Let s = k + 114. What is the tens digit of s?
6
Let j(w) = 24*w - 76. Let u be j(3). What is the thousands digit of u/(-6) - 45799/(-39)?
1
Suppose 0 = 3*s - 2*s + 4*c + 21, 0 = -5*c + 25. Let f = -41 - s. Suppose f*j + 160 = 4*j. What is the tens digit of j?
4
Let q = -107 + 105. What is the tens digit of q + (2 - (2 + -152))?
5
Let d(x) be the second derivative of 8*x**3/3 - 13*x**2 + 16*x. Let q be d(6). Suppose 3*j - 5*m = 220, -m = -j + 4*m + q. What is the units digit of j?
5
Let n(r) be the first derivative of -9/2*r**2 - 10 - r + 2/3*r**3. What is the units digit of n(8)?
5
Let f(z) = 895*z - 230. What is the hundreds digit of f(2)?
5
Suppose -19218 - 31542 = -18*t. Suppose -68*q + 74*q = t. What is the tens digit of q?
7
Let b = 3 - 4. Let z be -3 + 1*(b + 1). What is the hundreds digit of -9*(z + (-8)/(-3)) + 107?
1
Let s = 994 + 1375. Let f = -814 + s. What is the tens digit of f?
5
Let a be (18 - 11) + -4 - 2*331. Let r = a - -1542. What is the tens digit of r?
8
Suppose 0 = 39*t + 11218 + 1248 - 118819. What is the units digit of t?
7
Suppose -61*r - 105*r = -187414. What is the hundreds digit of r?
1
Suppose 4*d + 30 - 10 = 0. What is the tens digit of d + 126/6 - 1?
1
Let a = -168 - -8. What is the hundreds digit of 1501/4 + a/128?
3
Suppose 22*v - 6683 = 5791. Let n = v - -397. What is the hundreds digit of n?
9
Let r(i) = -92*i - 20. Let v be r(-11). Suppose 3*t + v = 4*h, -h - 15*t + 18*t = -239. What is the hundreds digit of h?
2
Let x be 14*6/4*(14 - 24). Let r be ((-4)/(-5))/((-28)/x). Suppose 3*h + r - 78 = 0. What is the tens digit of h?
2
Suppose -2*p = -2*a + 16268, 27*p - 28*p + 8126 = a. What is the hundreds digit of a?
1
Let b(j) = -18*j + 8. Let c be b(-4). Let k be ((29*6)/3)/(-6 + 5). Let n = c + k. What is the tens digit of n?
2
Let u(m) = -1059*m + 127. What is the hundreds digit of u(-4)?
3
Let s = 1746 - -190. Suppose 12*x = x + s. What is the hundreds digit of x?
1
Let s = 15349 + -3980. What is the units digit of s?
9
Let y(o) = -8629*o - 221. What is the units digit of y(-1)?
8
Suppose -n + 2252 = 4*h - 5*n, 4*h + 3*n - 2273 = 0. Suppose 491 + h = 7*p. What is the units digit of p?
1
Suppose -215507 + 611747 = 48*q. What is the hundreds digit of q?
2
Suppose 315326 + 178827 = 28*b - 83515. What is the units digit of b?
1
Let r be -9*4/(-12)*2/2. Suppose z + 2*w = -z + 134, -3*w = -r*z + 195. What is the units digit of z/8 + -1 - (-3)/(-12)?
7
Let j(p) = -p**3 + 7*p**2 - p + 5. Let l be j(7). What is the hundreds digit of ((-38688)/(-195))/(l/(-5))?
4
Suppose l + 0*l + 3*w + 4 = 0, -2*l + 2*w = -16. Suppose l*x = 4707 - 887. What is the tens digit of x?
6
Let u = 219 + -42. Suppose -10*s = -4*w - 7*s + 24, -31 = -5*w + 4*s. Suppose -2*h = -w*q - 3*h + u, 2*q = 5*h + 135. What is the tens digit of q?
6
Let h = 40 - 35. Suppose 9*c - h*c = 20. Suppose -7*o + 2004 = c*o. What is the tens digit of o?
6
Let j be 5*8/60*3. Suppose -13 = -2*q + k + 4*k, -j*q = k - 31. Let y = 51 + q. What is the units digit of y?
5
What is the thousands digit of (540/243)/(8/14724)?
4
Suppose -457 = -n - 461, 0 = 2*o + n - 120326. What is the hundreds digit of o?
1
Let y = 135157 + -69805. What is the ten thousands digit of y?
6
Suppose -378*z + 380*z - 112 = 0. Suppose -55*n + z*n = 71. What is the tens digit of n?
7
Suppose -4*g = y + 13 - 127, 0 = -5*g - y + 143. Let u(s) = -1 - 2 - s**2 - 1 + g*s. What is the units digit of u(14)?
6
Suppose -22*c + 17*c - 12 = 4*n, -c - 2 = n. Let d(a) = -20 - 4*a**2 - 6*a + 0*a**2 + 5*a**2. What is the units digit of d(c)?
0
Suppose -2*j = -c + 5, 0 = -4*j - 4*c + 5 + 15. Let t be (-63)/(-18) - (-6)/4 - j. Let f(u) = 2*u**3 - 22*u + 10. What is the units digit of f(t)?
0
Suppose -t = 3*i + 328 + 340, -5*i = t + 1114. Let u = i + 1062. What is the hundreds digit of u?
8
Let l be 348 - (-2)/(-5)*5. What is the units digit of l/(-4)*76/(-38)?
3
Let p be -4*3/6 + -104. Let b = p - -111. Suppose -150 = -b*a + 565. What is the hundreds digit of a?
1
Suppose 0 = -3*f + 5*f + 5*v - 504, 2*f - 510 = -2*v. Let u(a) = a**3 - 17*a**2 - 12*a + 12. Let j be u(18). Let l = f - j. What is the tens digit of l?
3
Suppose 16*i + 1904 = 24*i. Let k = i + -116. What is the hundreds digit of k?
1
Suppose -5*d - 7365 = -5*k, -83*d = -88*d - 25. What is the hundreds digit of k?
4
Let b = 30 - 30. Let s be (-7 + 7 + -6)/(b - 2). Suppose 4*d - 748 = -4*c, s*d = 4*c + 2*d - 738. What is the hundreds digit of c?
1
Suppose 1881 = -39*f + 42*f + 5*q, -4*f + 2482 = -2*q. Let u = f - -63. What is the hundreds digit of u?
6
Let l = 95045 - 57853. What is the units digit of l?
2
Suppose -11*c + 2642 + 13000 = 0. What is the tens digit of c?
2
Let s(t) = 3*t + 9. Let i = -2 - 3. Let g be s(i). Let o = 11 + g. What is the units digit of o?
5
Suppose 3*s - 1 = 14. Suppose 0 = s*k, -4*q + 242 = -2*k - 30. Let u = 147 - q. What is the units digit of u?
9
Let r(k) = -2*k**2 + 19*k - 6. Let u be r(10). Let i be 18/(-144) - 50/u. Suppose 5*c = -s + i*c + 63, -4*s + 3*c = -219. What is the units digit of s?
7
Suppose 5*w + 6630 = -15740. Let j = -3104 - w. What is the tens digit of j?
7
Let o(n) = -5*n + 67. Let p be o(8). Suppose 776 = -p*l + 31*l. What is the units digit of l?
4
What is the thousands digit of -23 + 30*(-29589)/(-35)?
5
Suppose -3*p - 3*c - 11 + 47 = 0, 0 = 5*c - 20. Suppose 0 = -10*l + p*l + 34. Suppose -3*d = -l - 7. What is the units digit of d?
8
Let t(c) = -c**2 + 16*c + 55. Let a be t(19). What is the hundreds digit of a/(4/(-78))*(-4884)/(-396)?
4
Suppose 4*h + 19 = 27. Let i(r) = 9 + 5 - 11 - r + 21*r**h. What is the units digit of i(-2)?
9
Let k = 21 + 16. Let g(r) = r**3 - 5*r**2 -